 thousands digit of 979413?
9
What is the tens digit of 12596618?
1
What is the thousands digit of 3323142?
3
What is the millions digit of 4835525?
4
What is the tens digit of 240129?
2
What is the tens digit of 819988?
8
What is the millions digit of 23245374?
3
What is the ten thousands digit of 1303887?
0
What is the ten thousands digit of 4058299?
5
What is the hundreds digit of 4661603?
6
What is the ten thousands digit of 66340?
6
What is the hundred thousands digit of 919320?
9
What is the ten thousands digit of 423464?
2
What is the hundred thousands digit of 6875942?
8
What is the hundred thousands digit of 152822?
1
What is the millions digit of 1233249?
1
What is the tens digit of 93919?
1
What is the millions digit of 32457137?
2
What is the thousands digit of 13768?
3
What is the hundreds digit of 23106?
1
What is the ten thousands digit of 435538?
3
What is the thousands digit of 2720287?
0
What is the tens digit of 1666883?
8
What is the ten thousands digit of 18056090?
5
What is the ten thousands digit of 379668?
7
What is the units digit of 21083337?
7
What is the thousands digit of 379699?
9
What is the tens digit of 86625?
2
What is the ten thousands digit of 8356495?
5
What is the tens digit of 473742?
4
What is the hundred thousands digit of 2832819?
8
What is the hundreds digit of 772608?
6
What is the tens digit of 181854?
5
What is the tens digit of 21088?
8
What is the hundred thousands digit of 11363283?
3
What is the hundreds digit of 187587?
5
What is the thousands digit of 2002604?
2
What is the thousands digit of 315848?
5
What is the tens digit of 295407?
0
What is the hundreds digit of 8111570?
5
What is the ten thousands digit of 6050924?
5
What is the hundreds digit of 5444786?
7
What is the thousands digit of 6812692?
2
What is the hundreds digit of 1505502?
5
What is the hundred thousands digit of 7316167?
3
What is the hundreds digit of 7415491?
4
What is the ten thousands digit of 4566123?
6
What is the thousands digit of 1247671?
7
What is the ten thousands digit of 3803017?
0
What is the millions digit of 8321162?
8
What is the units digit of 1041671?
1
What is the units digit of 23959622?
2
What is the units digit of 863416?
6
What is the tens digit of 436204?
0
What is the millions digit of 4689500?
4
What is the ten thousands digit of 495555?
9
What is the tens digit of 110373?
7
What is the ten thousands digit of 615732?
1
What is the hundred thousands digit of 385568?
3
What is the ten thousands digit of 200846?
0
What is the thousands digit of 9954802?
4
What is the hundred thousands digit of 625563?
6
What is the units digit of 12968219?
9
What is the hundred thousands digit of 6638880?
6
What is the tens digit of 66131?
3
What is the hundreds digit of 343255?
2
What is the ten thousands digit of 270619?
7
What is the units digit of 3524892?
2
What is the hundreds digit of 1355547?
5
What is the hundred thousands digit of 2779165?
7
What is the hundreds digit of 445851?
8
What is the units digit of 648705?
5
What is the thousands digit of 3012751?
2
What is the thousands digit of 1419909?
9
What is the tens digit of 818583?
8
What is the hundreds digit of 841061?
0
What is the tens digit of 804473?
7
What is the thousands digit of 7577258?
7
What is the thousands digit of 2215215?
5
What is the thousands digit of 33548?
3
What is the ten thousands digit of 10125251?
2
What is the tens digit of 1380242?
4
What is the hundred thousands digit of 728404?
7
What is the units digit of 1953474?
4
What is the ten thousands digit of 188939?
8
What is the units digit of 3758462?
2
What is the ten thousands digit of 1163833?
6
What is the hundred thousands digit of 186134?
1
What is the units digit of 257997?
7
What is the tens digit of 7156877?
7
What is the tens digit of 328116?
1
What is the hundreds digit of 212380?
3
What is the tens digit of 219025?
2
What is the hundreds digit of 581546?
5
What is the units digit of 4292417?
7
What is the units digit of 418650?
0
What is the ten thousands digit of 448104?
4
What is the hundreds digit of 1192451?
4
What is the ten thousands digit of 37629?
3
What is the tens digit of 1496586?
8
What is the ten thousands digit of 447109?
4
What is the ten thousands digit of 664218?
6
What is the ten thousands digit of 14321622?
2
What is the units digit of 6878754?
4
What is the units digit of 193925?
5
What is the thousands digit of 16062155?
2
What is the ten millions digit of 17758298?
1
What is the tens digit of 374627?
2
What is the thousands digit of 87888?
7
What is the hundreds digit of 264139?
1
What is the millions digit of 1210683?
1
What is the ten thousands digit of 8191795?
9
What is the thousands digit of 54191?
4
What is the units digit of 2439618?
8
What is the ten thousands digit of 5754279?
5
What is the hundred thousands digit of 1908786?
9
What is the hundreds digit of 144429?
4
What is the ten thousands digit of 9357939?
5
What is the thousands digit of 84054?
4
What is the tens digit of 33198?
9
What is the units digit of 238380?
0
What is the ten thousands digit of 1609708?
0
What is the ten thousands digit of 803795?
0
What is the ten thousands digit of 728140?
2
What is the thousands digit of 1645762?
5
What is the hundreds digit of 202333?
3
What is the millions digit of 3854732?
3
What is the hundreds digit of 220008?
0
What is the units digit of 5939045?
5
What is the units digit of 59421?
1
What is the thousands digit of 3424645?
4
What is the tens digit of 1056797?
9
What is the tens digit of 2233171?
7
What is the hundreds digit of 47471?
4
What is the hundred thousands digit of 703150?
7
What is the hundred thousands digit of 3478795?
4
What is the units digit of 122942?
2
What is the tens digit of 2058499?
9
What is the units digit of 11983605?
5
What is the ten millions digit of 28396676?
2
What is the hundred thousands digit of 1989772?
9
What is the units digit of 211967?
7
What is the hundreds digit of 5659060?
0
What is the tens digit of 1725006?
0
What is the units digit of 356028?
8
What is the ten thousands digit of 1004859?
0
What is the ten thousands digit of 786008?
8
What is the units digit of 773764?
4
What is the tens digit of 463403?
0
What is the tens digit of 11058020?
2
What is the ten thousands digit of 192993?
9
What is the hundred thousands digit of 3363178?
3
What is the hundreds digit of 3279399?
3
What is the ten thousands digit of 2205709?
0
What is the tens digit of 1838425?
2
What is the thousands digit of 7161?
7
What is the units digit of 9958705?
5
What is the hundred thousands digit of 169928?
1
What is the units digit of 73669?
9
What is the hundreds digit of 12849386?
3
What is the tens digit of 1468423?
2
What is the hundred thousands digit of 10688376?
6
What is the thousands digit of 1032701?
2
What is the hundreds digit of 11970261?
2
What is the millions digit of 14046401?
4
What is the hundred thousands digit of 151770?
1
What is the units digit of 305821?
1
What is the thousands digit of 199301?
9
What is the hundreds digit of 50481?
4
What is the thousands digit of 31886476?
6
What is the tens digit of 127291?
9
What is the units digit of 7461004?
4
What is the hundreds digit of 83683?
6
What is the millions digit of 1025462?
1
What is the hundreds digit of 46962?
9
What is the millions digit of 9289308?
9
What is the tens digit of 732466?
6
What is the hundreds digit of 34544?
5
What is the units digit of 1257968?
8
What is the thousands digit of 1093237?
3
What is the tens digit of 1902077?
7
What is the ten thousands digit of 1023216?
2
What is the ten thousands digit of 1273059?
7
What is the units digit of 8718064?
4
What is the millions digit of 1830463?
1
What is the units digit of 858410?
0
What is the tens digit of 167407?
0
What is the ten millions digit of 22155310?
2
What is the units digit of 466162?
2
What is the tens digit of 240059?
5
What is the thousands digit of 2705612?
5
What is the hundred thousands digit of 521642?
5
What is the hundred thousands digit of 241423?
2
What is the hundred thousands digit of 5835500?
8
What is the thousands digit of 2637135?
7
What is the units digit of 225673?
3
What is the hundreds digit of 881192?
1
What is the tens digit of 1112479?
7
